13 = -p, -2*p - x = 4*x. Let a(z) be the second derivative of z**3 + 0 - z - 1/12*z**4 + 3/2*z**2. Give a(p).
8
Let u(y) = -y**2 + 9*y + 16. Suppose -l - 4 - 10 = 5*b, 3*b = -3*l + 18. Calculate u(l).
-6
Suppose 0 = -4*h + z - 10, 3*h - z + 9 - 1 = 0. Let n be ((-6)/10)/(h/10). Suppose 0 = x + n*x. Let b(k) = -k**3 - 6. Give b(x).
-6
Let x = 4 - 2. Suppose 0*l + 2*l - 8 = x*b, -5*l = 4*b - 2. Let u(a) = a**3 + a**2 + 3*a + 3. Calculate u(b).
-7
Suppose 6 = 4*o - 5*v - 14, -o - 5*v = 20. Let h(a) = -a + 1. Let l be h(o). Let c(j) = -9*j**3 - j. Determine c(l).
-10
Suppose -5*r + 11 + 4 = 0. Let u(s) = 6*s**2 + 4*s**3 + 5*s + 2*s**3 - 5*s**r - 2. Suppose -j + 3*h + 11 = 0, -2*h - 9 = 2*j + 9. Determine u(j).
10
Suppose o + 12 = m, m = -4*o - 0*o + 12. Suppose -28 = 4*n + w - m, 2*w + 5 = n. Let k(b) be the first derivative of b**2/2 + 3*b - 3. Determine k(n).
0
Let p(h) = -2*h - 2. Let o be 5/(-2)*36/30. Calculate p(o).
4
Let b be 3 - (-3 - -6) - -3. Let r(w) be the first derivative of -1/3*w**3 + b*w + 3 + 3/2*w**2. Determine r(-2).
-7
Let i(g) = 2*g**2 + 6*g + 2. Let s(l) = l**2 + 6*l + 1. Let p(q) = -2*i(q) + 3*s(q). Give p(6).
-1
Let r(h) = -h**2 - 2*h + 2. Let s be r(0). Let f(b) = 17 + s*b + 6*b - 18. Give f(-1).
-9
Let o(l) = l**2 + 6*l + 3. Let q be o(-6). Let p(v) = -v**q + 3 + 6*v**2 + 6 - 5*v**2. Give p(0).
9
Suppose 0 = y - 2. Suppose -13*f - 15 = -18*f. Let p(z) = -y*z**3 - 1 + 2*z**3 + f + 4*z + z**3 + 5*z**2. Calculate p(-3).
8
Let u(m) = m**3 - 7*m**2 + 5*m - 4. Suppose 0*k - 18 = -3*k. Give u(k).
-10
Let o(t) be the first derivative of -t**4/4 - 2*t**3 - 5*t**2/2 + 6*t - 3. Let m = 12 - 17. What is o(m)?
6
Let r = 11 + 0. Suppose -3*c = 4*y - 9, -3*y = -c - c - r. Let j(a) = a**2 - 6*a + 1. What is j(y)?
-8
Let i(x) be the third derivative of x**5/60 + x**4/12 + 2*x**3/3 + 20*x**2. Give i(3).
19
Let b(n) = n + 4. Let k be b(-6). Let x(g) = -g**2 + 8*g + 1. Let s(d) = -2*d**2 + 17*d + 3. Let o(h) = k*s(h) + 5*x(h). Determine o(4).
7
Let d(l) = -l + 13. Let o(a) = 32*a + 1. Let z be o(1). Suppose -2*k + 5*k = -5*p + z, 2 = p - 4*k. Determine d(p).
7
Let u(f) be the second derivative of f**3/3 - 2*f**2 - 2*f. Let x = -82 - -87. Determine u(x).
6
Let g(c) be the second derivative of -c**3/2 + c**2/2 - 8*c. Calculate g(-2).
7
Suppose 0 = -3*b - 0*b - w - 19, 4*w + 16 = 0. Let a(u) = u**3 + 6*u**2 + 3*u - 3. Give a(b).
7
Suppose 19 = 4*n + 7. Let l(h) = 1 - h**3 + h + 2*h**n + h**2 - h. Calculate l(0).
1
Suppose 0 = -3*h + h. Suppose h = -4*p - 2*j - 8, 2*j + 2 = -2*p - 0*p. Let y(z) be the first derivative of z**3/3 + 3*z**2/2 + 4*z + 1. Determine y(p).
4
Let v = -4 + 6. Let q(t) = 4*t**v - 2*t - t**3 - 2 - 1 + 5 - t**2. Determine q(3).
-4
Suppose -6 = -4*k + 22. Suppose 4*w - k*w = 0. Let h(f) = f - 2. Give h(w).
-2
Let p(f) = -f + 5. Let x be p(7). Let v(d) = 8*d + 2. Give v(x).
-14
Let n(d) be the third derivative of -d**5/60 + d**4/3 - 7*d**3/6 + 3*d**2. Calculate n(5).
8
Let q(a) = -a**2 + 2 - 1 + 2*a**2 - 5*a. Let b = -2 - -5. Give q(b).
-5
Let j(u) = 3*u - 1. Let h(m) = 2*m - 1. Let g(v) = -5*h(v) + 4*j(v). Suppose 73 = -5*d - 27. Let k = -21 - d. Determine g(k).
-1
Let o(y) = y - 7. Suppose 3*w + 37 = 13. Let h = w - -11. Let q be o(h). Let j(v) = v + 4. Give j(q).
0
Let f(k) be the second derivative of 2*k**5/5 - k**4/6 - k**3/3 - k**2/2 - 17*k. Let i = -3 - -7. Suppose 2*r + i = -2*r. Calculate f(r).
-9
Let r(m) = 3*m**3 - 2*m**3 - 7 - 3*m**2 + 7 + 3*m. Let n = -2 + 7. Let t = n + -3. Calculate r(t).
2
Let k(d) = 3*d**2 - 2. Let w(z) = z - 4. Suppose -2*i = 3 + 3. Let r be 2 + -3 - (0 + i). Let x be w(r). Determine k(x).
10
Suppose 12 = -14*u + 10*u. Let m(q) = q**2 + 6*q. Calculate m(u).
-9
Let t(d) = -d - d**2 - d + 4*d. Suppose 2*y + 0*y - 8 = 0. Determine t(y).
-8
Let v be 12/8*4/(-6) + -3. Let p(h) = -h**2 - 7*h + 1. What is p(v)?
13
Let v(a) = -24*a + 30*a - 4*a**2 + 3*a**2 - 2. Determine v(7).
-9
Let y(h) = 19*h**2 + 2*h - 19*h**2 - h**3 - 1 + 0*h**3. Let z be y(1). Let a(x) = x - 1. Determine a(z).
-1
Let s(i) = i**3 - 2*i**2 + 4. Let z(b) = 2*b**3 - 2*b**2 + 5. Let o(f) = f - 10. Let p be o(6). Let c(r) = p*s(r) + 3*z(r). Calculate c(-1).
-1
Let d be 6/(3 + (-1 - 0)). Let f(v) = -2*v**2 + 3*v + 4. Give f(d).
-5
Let b(n) = -4 - 3*n**2 + 0*n**3 + n**3 + 7*n**2. Suppose 8 = -r + 16. Suppose 6*h - 8*h = r. What is b(h)?
-4
Let t(x) = -2*x**3 - 3*x**2 - 5*x + 6. Let z(n) = n**3 - n**2 + n + 1. Let m(y) = t(y) + 3*z(y). Let i = -20 - -26. Give m(i).
-3
Let o(s) = -s**2 - 3*s - 2. Let x(c) = -10*c - 1. Let n be x(-7). Suppose 4*m = 5*q - 103, 2*m + 4*q = 3*q - n. Let z be m/14 - 2/(-7). Determine o(z).
0
Let s(y) = y**3 + 6*y**2 + 5*y - 3. Let o be (-10)/(-1) - (-4 + 6). Suppose 2*w - o = w. Let t be 5/(-4)*(-4 + w). Calculate s(t).
-3
Suppose -2*u + w + 6 = 0, -3*w + 2*w - 10 = -4*u. Let m(s) = -2*s - s - s**u - s. Suppose -4*k - 5 = -1, 0 = -4*c + k - 15. Calculate m(c).
0
Let v(q) be the second derivative of 0 - 5/6*q**3 + 2*q + 1/2*q**2. Suppose -3*y - 3 = -0. Give v(y).
6
Suppose -6*j - 9 = 15. Let m be 1 + (-1 - 10/(-2)). Let o(x) = 0 - x + m - 2. Determine o(j).
7
Let m(l) = 19*l**2 + 12 - 11 - 26*l**2. Suppose 2*o + 1 = 3. What is m(o)?
-6
Let l(j) = 4*j**3 - 2 - 1 + 6*j**3 - 8*j**3 - 3*j. Determine l(-2).
-13
Let m(y) = -3*y - 1. Let d be m(-1). Let n be ((-1)/d)/((-3)/(-30)). Let c(b) = b**3 + 6*b**2 + 2*b - 6. Give c(n).
9
Let j(x) = -x**3 - x**2 - x. Let q(p) = -7*p**3 - 15*p**2 - 5*p + 3. Let l(b) = 6*j(b) - q(b). Give l(-9).
6
Let y(c) = -2*c - 5. Let b(w) = w**2 - 1. Let l(x) = -b(x) + y(x). Calculate l(-5).
-19
Suppose 0*n + 3 = n. Let c = -4 + n. Let h(d) = -13*d**3 + d**2 + d. Give h(c).
13
Suppose 2 = -t + 7. Let d = -3 + t. Suppose 0 = -3*g - 6*n + n + d, -2*n = 2*g. Let p(f) = -6*f - 1. Calculate p(g).
5
Let w(g) = -g**3 - 7*g**2 - 8*g - 8. Let q = 78 - 46. Let m = q + -10. Suppose 2*l - 19 = 4*x + 3*l, 0 = 2*x - 2*l + m. Calculate w(x).
4
Let q(h) = -3*h + 63. Let x be q(24). Let m(n) = n + 5. Give m(x).
-4
Let g = -48 - -48. Let s(o) = o**2 + o - 5. Give s(g).
-5
Suppose -2*x + 2*z - 13 = -3*x, -2*z + 7 = -x. Suppose -x*a = -a + 2. Let w(u) = 6*u**2 - u. Calculate w(a).
7
Let i(n) = -7*n + n**2 - 18*n - 4 + 29*n. Suppose 26 = -4*t + 2. Give i(t).
8
Let p(u) be the third derivative of 0 - 2/3*u**3 + 1/3*u**4 + u**2 - 1/60*u**5 + 0*u. Determine p(5).
11
Let x(y) = -y - 4. Let v(o) = -o - 5. Let g(s) = -3*v(s) + 4*x(s). What is g(-1)?
0
Let u(t) be the first derivative of -t**4/4 - t**3 + 3*t**2 + 6*t + 9. Suppose 0*p = 5*p - 25. Let x = p + -9. What is u(x)?
-2
Let t(g) = -g**2 + 2*g + 1. Let z be t(-1). Let u = 0 + z. Let v(l) be the first derivative of -l**2/2 - 2*l + 1. What is v(u)?
0
Let h be 7 - 16/(-4)*-1. Let f(p) be the second derivative of 0 - 1/6*p**h - p - 3*p**2. Give f(-5).
-1
Let t be 2/(-8) + 27/12. Let u(h) = -3*h**3 - 4*h - 5. Let c(d) = 2*d**3 + 2*d + 3. Let p(x) = 5*c(x) + 3*u(x). Calculate p(t).
4
Let g(j) = -j**3 + j**2 + 7. Let z(q) = -q - 9. Let t(b) = -9*b. Let i be t(1). Let w be z(i). Let f = w + 0. What is g(f)?
7
Let k(w) = -2*w - 6*w**2 + 0*w + 4 - 3. Calculate k(1).
-7
Let w(b) = b**2 - b. Let s(n) = -5*n**2 + 2*n + 3. Let g(p) = s(p) + 6*w(p). Suppose -3*a + 1 = -5. Calculate g(a).
-1
Suppose z - 5*u = -5, 0 = 5*z - z + 5*u - 30. Let v(g) be the third derivative of 1/60*g**z + 0*g - 5/24*g**4 - 2*g**2 + 0 + 0*g**3. Determine v(5).
0
Let y = 0 + 2. Let b(w) = -w**2 - 5*w - 1. Let l be b(-4). Let d(s) = s + 5 - l + 0. Calculate d(y).
4
Let g = -4 - -5. Let s = -2 + g. Let j(t) = -2*t**3 - 5*t**2 - 6*t - 6. Let u(x) = x**3 + x**2 + x + 1. Let r(q) = j(q) + 5*u(q). Determine r(s).
-3
Let u be (-3 - 3/(-3)) + 8. Suppose -w + u*w = 20. Let n(q) = -q**3 + 3*q**2 + 4*q + 5. Determine n(w).
5
Let s(o) = -7*o**2 - 3*o + 3. Let h = 9 + -8. Let r(u) = u**2 + u - 1. Let i(j) = h*s(j) + 4*r(j). Let d = 1 + 0. What is i(d)?
-3
Let b(l) = -4 + 2 - 1 + 4. Let z(w) = -w + 1. Let a(v) = -b(v) + z(v). Give a(2).
-2
Suppose -11 = -5*g - 3*j + 2*j, -g - 1 = -3*j. Let h(i) be the third derivative of i**6/120 - i**3/6 - i**2. What is h(g)?
7
Suppose -s + 0 = 2. Let z = s + 3. Let t(k) be the third derivative of 7*k**4/24 + k**2. Determine t(z).
7
Let i(t) be the second derivative of -t**5